 of 17505?
1
What is the thousands digit of 10690?
0
What is the ten thousands digit of 60821?
6
What is the ten thousands digit of 44888?
4
What is the tens digit of 5645?
4
What is the thousands digit of 4280?
4
What is the hundreds digit of 26316?
3
What is the tens digit of 11801?
0
What is the hundreds digit of 2091?
0
What is the thousands digit of 10096?
0
What is the thousands digit of 40745?
0
What is the hundreds digit of 83142?
1
What is the units digit of 996?
6
What is the units digit of 2203?
3
What is the thousands digit of 45136?
5
What is the thousands digit of 1659?
1
What is the tens digit of 1189?
8
What is the units digit of 66545?
5
What is the ten thousands digit of 19770?
1
What is the hundreds digit of 1614?
6
What is the tens digit of 2685?
8
What is the tens digit of 5102?
0
What is the hundreds digit of 10863?
8
What is the tens digit of 1571?
7
What is the hundreds digit of 17681?
6
What is the ten thousands digit of 11806?
1
What is the tens digit of 700?
0
What is the thousands digit of 27875?
7
What is the units digit of 28304?
4
What is the hundreds digit of 570?
5
What is the ten thousands digit of 110640?
1
What is the ten thousands digit of 45378?
4
What is the tens digit of 2616?
1
What is the hundreds digit of 11105?
1
What is the hundreds digit of 28062?
0
What is the tens digit of 6012?
1
What is the tens digit of 3396?
9
What is the hundreds digit of 5157?
1
What is the hundreds digit of 6025?
0
What is the tens digit of 1444?
4
What is the hundreds digit of 5415?
4
What is the units digit of 115130?
0
What is the thousands digit of 96505?
6
What is the hundreds digit of 369?
3
What is the tens digit of 108060?
6
What is the ten thousands digit of 65065?
6
What is the units digit of 714?
4
What is the thousands digit of 6262?
6
What is the tens digit of 19405?
0
What is the units digit of 4580?
0
What is the units digit of 8990?
0
What is the tens digit of 18630?
3
What is the thousands digit of 83203?
3
What is the thousands digit of 19716?
9
What is the units digit of 994?
4
What is the tens digit of 454?
5
What is the thousands digit of 10518?
0
What is the units digit of 247?
7
What is the units digit of 915?
5
What is the thousands digit of 2900?
2
What is the hundreds digit of 2421?
4
What is the ten thousands digit of 19985?
1
What is the ten thousands digit of 26409?
2
What is the tens digit of 2771?
7
What is the hundreds digit of 10695?
6
What is the hundred thousands digit of 119489?
1
What is the units digit of 1720?
0
What is the hundreds digit of 822?
8
What is the thousands digit of 9546?
9
What is the hundred thousands digit of 180720?
1
What is the tens digit of 12110?
1
What is the tens digit of 2161?
6
What is the units digit of 6038?
8
What is the thousands digit of 5016?
5
What is the tens digit of 1347?
4
What is the tens digit of 1309?
0
What is the tens digit of 2309?
0
What is the units digit of 1960?
0
What is the tens digit of 719?
1
What is the units digit of 45922?
2
What is the thousands digit of 2110?
2
What is the ten thousands digit of 50836?
5
What is the thousands digit of 32257?
2
What is the hundreds digit of 1212?
2
What is the hundred thousands digit of 127756?
1
What is the hundreds digit of 10368?
3
What is the thousands digit of 2156?
2
What is the thousands digit of 2135?
2
What is the tens digit of 515?
1
What is the hundreds digit of 358?
3
What is the tens digit of 469?
6
What is the tens digit of 32287?
8
What is the units digit of 42598?
8
What is the units digit of 16624?
4
What is the thousands digit of 70401?
0
What is the units digit of 406?
6
What is the tens digit of 1804?
0
What is the tens digit of 77543?
4
What is the ten thousands digit of 18461?
1
What is the thousands digit of 2475?
2
What is the thousands digit of 3998?
3
What is the tens digit of 5324?
2
What is the hundreds digit of 15034?
0
What is the thousands digit of 31383?
1
What is the units digit of 79?
9
What is the tens digit of 816?
1
What is the tens digit of 6776?
7
What is the thousands digit of 4404?
4
What is the ten thousands digit of 16581?
1
What is the hundreds digit of 205?
2
What is the thousands digit of 4650?
4
What is the hundreds digit of 32565?
5
What is the thousands digit of 38868?
8
What is the hundreds digit of 784?
7
What is the tens digit of 1722?
2
What is the tens digit of 41499?
9
What is the thousands digit of 2151?
2
What is the hundreds digit of 78886?
8
What is the units digit of 156?
6
What is the hundreds digit of 2062?
0
What is the units digit of 3396?
6
What is the thousands digit of 6508?
6
What is the units digit of 27642?
2
What is the hundreds digit of 127?
1
What is the units digit of 59784?
4
What is the hundreds digit of 1197?
1
What is the hundreds digit of 7801?
8
What is the units digit of 27524?
4
What is the units digit of 49403?
3
What is the tens digit of 63566?
6
What is the units digit of 36?
6
What is the units digit of 7836?
6
What is the units digit of 7414?
4
What is the tens digit of 42838?
3
What is the ten thousands digit of 11594?
1
What is the tens digit of 53264?
6
What is the hundreds digit of 6299?
2
What is the thousands digit of 61237?
1
What is the hundreds digit of 8029?
0
What is the units digit of 450?
0
What is the tens digit of 4249?
4
What is the units digit of 47131?
1
What is the units digit of 1370?
0
What is the ten thousands digit of 13090?
1
What is the hundreds digit of 1717?
7
What is the units digit of 9660?
0
What is the ten thousands digit of 113694?
1
What is the ten thousands digit of 15433?
1
What is the tens digit of 376?
7
What is the units digit of 1124?
4
What is the tens digit of 37798?
9
What is the hundreds digit of 9547?
5
What is the tens digit of 210?
1
What is the tens digit of 91469?
6
What is the units digit of 902?
2
What is the tens digit of 23329?
2
What is the units digit of 17476?
6
What is the units digit of 1056?
6
What is the units digit of 1616?
6
What is the hundreds digit of 7208?
2
What is the tens digit of 50196?
9
What is the units digit of 5107?
7
What is the units digit of 1361?
1
What is the thousands digit of 10214?
0
What is the units digit of 4686?
6
What is the hundreds digit of 1620?
6
What is the units digit of 1613?
3
What is the tens digit of 3332?
3
What is the units digit of 100?
0
What is the tens digit of 45938?
3
What is the units digit of 4900?
0
What is the thousands digit of 59979?
9
What is the tens digit of 2594?
9
What is the hundreds digit of 729?
7
What is the thousands digit of 33440?
3
What is the units digit of 31441?
1
What is the thousands digit of 92938?
2
What is the units digit of 5043?
3
What is the thousands digit of 11422?
1
What is the hundred thousands digit of 134578?
1
What is the hundreds digit of 52624?
6
What is the tens digit of 805?
0
What is the thousands digit of 51167?
1
What is the units digit of 1529?
9
What is the thousands digit of 1988?
1
What is the hundreds digit of 35774?
7
What is the hundreds digit of 1843?
8
What is the tens digit of 8198?
9
What is the units digit of 41545?
5
What is the hundreds digit of 617?
6
What is the hundreds digit of 732?
7
What is the hundreds digit of 3017?
0
What is the units digit of 2083?
3
What is the thousands digit of 11714?
1
What is the tens digit of 18702?
0
What is the hundreds digit of 1553?
5
What is the tens digit of 9528?
2
What is the thousands digit of 1534?
1
What is the ten thousands digit of 17897?
1
What is the tens digit of 10493?
9
What is the thousands digit of 32284?
2
What is the hundreds digit of 43857?
8
What is the thousands digit of 1739?
1
What is the units digit of 15837?
7
What is the hundreds digit of 49293?
2
What is the tens digit of 455?
5
What is the hundreds digit of 2951?
9
What is the tens digit of 62?
6
What is the ten thousands digit of 10831?
1
What is the units digit of 4726?
6
What is the hundreds digit of 36280?
2
What is the units digit of 4444?
4
What is the tens digit of 11432?
3
What is the hundreds digit of 518?
5
What is the tens digit of 46374?
7
What is the ten thousands digit of 26876?
2
What is the units digit of 996?
6
What is the units digit of 792?
2
What is the tens digit of 1318?
1
What is the tens digit of 460?
6
What is